(-2)?
13
Let o(j) = -7*j**3 - 20*j**2 - 13*j - 6. Let b(g) = 0*g**2 - 3 - 6*g - 10*g**2 + 0 - 4*g**3. Let l(d) = 5*b(d) - 3*o(d). Determine l(-9).
3
Let h be (7/(-4))/((-2)/24*3). Let v(d) = d**3 - 7*d**2 - 5*d + 9. Calculate v(h).
-26
Suppose 21*a - 32 = 25*a. Let p(o) = 43*o**2 + 7 - o - 3 - 35*o**2 + o**3. What is p(a)?
12
Let w(g) = g**3 + 3*g**2 - 2*g - 1. Let t(c) = c - 25. Let f be t(21). What is w(f)?
-9
Let p(x) = -2*x**2 - 9*x + 7. Let a be (7 - -5)/(6/(-4)). What is p(a)?
-49
Let x(r) = 634*r + 5700. Let f be x(-9). Let q(g) = -2*g - 10. Let a(v) = -1. Let s(t) = -4*a(t) + q(t). Give s(f).
6
Let i(a) = 13*a**2 - 5*a - 1. Let u(k) = 14*k**2 - 6*k - 1. Suppose 3*y = 4*v + 14, -2*v - 2*y = -3*y + 8. Let w(s) = v*u(s) + 6*i(s). What is w(1)?
7
Let t(f) = -34*f + 573. Let y be t(17). Let q(u) = -u + 6. Calculate q(y).
11
Let i(f) = -f**3 - 4*f**2 + 4*f - 1. Let c(t) = -3*t**3 - 11*t**2 + 11*t - 3. Let g(q) = -3*c(q) + 8*i(q). What is g(0)?
1
Let z(u) = -3*u**2 - 12*u + 8. Suppose 9*b + 39 - 3 = 0. Let h(p) = 4*p**2 + 13*p - 9. Let j(s) = b*h(s) - 5*z(s). Calculate j(7).
3
Let a(d) = -20*d**3 + d**2 - d. Suppose -i - 439 = -440. Calculate a(i).
-20
Let p(h) be the third derivative of h**5/60 - h**4/3 - 2*h**3/3 + 34*h**2. Determine p(6).
-16
Let z(s) = -s**2 + 2*s. Let c be z(3). Let f(m) be the third derivative of m**5/60 + m**4/4 + m**3/3 + 81*m**2. Determine f(c).
-7
Suppose 3*c - 105 = -j, 0 = j - 1 - 2. Let k = -29 + c. Suppose 8*b - 7*b = -k. Let h(s) = s**2 + 6*s + 1. What is h(b)?
-4
Suppose 152*j - 160*j - 128 = 0. Let s(o) = -o**2 - 16*o + 5. Give s(j).
5
Let m(q) = -4*q + q**2 - 5 + 4 - 8 + 4. Let o be (-29)/3 - 8/24. Let r = o - -15. What is m(r)?
0
Let l(a) be the third derivative of a**6/120 + 2*a**5/15 + a**4/6 + a**3/2 - 26*a**2 - 1. Give l(-7).
24
Let i(n) = n**3 + 8*n**2 - 9. Suppose 0 = -4*j + 21*j + 136. What is i(j)?
-9
Let d(h) = -h**2 - 231 - 233 + 462. Give d(3).
-11
Let y(w) be the first derivative of 1/2*w**2 + 5*w - 19. What is y(-7)?
-2
Let d be 1/5*(124 - 79). Let j(x) = x**2 - 9*x - 2. What is j(d)?
-2
Let l = 408 - 407. Let r(i) = -5*i**3 + 3*i - 3. Give r(l).
-5
Suppose 0 = -13*d + 84 + 20. Let v(m) = -2*m**2 + m**2 - 2*m - 6 + 11*m. Determine v(d).
2
Let u(v) = 5*v + 2 + 6 + 5 + 13 - v. Calculate u(-8).
-6
Let s(z) = 5*z**2 - 2*z + 5. Suppose 2*o - 5*m = -17, -3*o - 12 = -5*m + 11. Let l(u) = u**2 + u. Let p(n) = o*l(n) + s(n). Calculate p(-9).
-4
Let b(q) be the second derivative of -q**5/20 - 7*q**4/12 - q**3 - 3*q**2/2 - q. Let r(l) = 2*l**3 + 78*l**2 - 6. Let t be r(-39). Determine b(t).
-3
Let r(x) = -2*x**2 - 7*x - 4. Let g(p) = 2*p**2 + 8*p + 6. Let t(b) = 2*g(b) + 3*r(b). What is t(-5)?
-25
Let l(o) = -3*o - 10. Let y(n) = n + 4. Let s(u) = -2*l(u) - 5*y(u). Calculate s(-6).
-6
Suppose 18 = 6*w + 30. Let a(h) = -5*h - 3. Calculate a(w).
7
Let a(f) = 3*f - 5. Let k = 9 + -5. Let o(t) = -2*t + 9. Let h be o(6). Let p(r) = 2*r - 6. Let z(s) = h*a(s) + k*p(s). Determine z(-4).
-5
Let u = 123 + -118. Let m(o) = 2*o - 2. What is m(u)?
8
Let q = 29 - 20. Let o be (-11 + q)*(-3)/2. Suppose 0 = 2*p - o*j + j + 16, -20 = 2*p - 3*j. Let i(h) = -h**3 - 5*h**2 - 3*h - 5. Determine i(p).
-9
Suppose 0 = -4*f - 2*d - 16 + 48, -2*f - 5*d = -8. Let i = f + -9. Suppose -2*r + i - 6 = 0. Let u(y) = y**2 - 4. Determine u(r).
5
Let n be (8/3)/(2/(-6)). Let f be n/3 + (-12)/(-18). Let u = 2 + f. Let y(b) = -b**2 - b - 6. What is y(u)?
-6
Let x be (7/3)/((-12)/(-36)). Let z(w) = -w**3 + 7*w**2 + 4*w - 22. What is z(x)?
6
Let u = -23 + 26. Suppose 0 = -u*h + 9*h + 24. Let w(a) = a + 1. Determine w(h).
-3
Let r(w) = 2*w - 4*w - 1 + 0*w. Let o(j) = -2*j + 17. Let v be o(7). Suppose 2*d = -v*a, 1 + 3 = a + 2*d. Determine r(a).
3
Let g(i) be the third derivative of i**4/4 - 5*i**3/3 + 10*i**2 - 22*i. Calculate g(4).
14
Let z(s) = -50*s - 501. Let p be z(-10). Let r(l) = -l**3 + 2*l + 2. What is r(p)?
1
Let s(g) be the second derivative of g**4/6 - g**3/6 + g**2 + 2*g + 189. Give s(-2).
12
Let k(z) = -5*z**2 - z. Suppose 0 = -2*b - 2*h + 12, -b + 4 = -2*b + h. Calculate k(b).
-6
Let y(l) = -7*l**3 - 6*l**2 + 3*l - 1. Let k = 59 - 56. Let g(i) = -4*i**3 - 3*i**2 + 2*i - 1. Let v(r) = k*y(r) - 5*g(r). Determine v(-3).
5
Suppose 4*m - 29 + 61 = -2*x, 5*m = -25. Let k(l) be the third derivative of -l**6/120 - l**5/12 + 5*l**4/24 - 5*l**3/6 + 3*l**2. Determine k(x).
1
Let o be -2 + 0 + 5/1. Let m(v) = -v + 3*v - o*v. Suppose 2*s + 15*b - 11 = 16*b, -4*b = -s + 16. Give m(s).
-4
Let b(f) = f**2 + 3*f + 2. Suppose -4*q = -r - 31, 0*q = -4*q - r + 33. Let p be (7 - 3)*36/q. Suppose 0 = -3*y + 2*y - 3*k - p, 15 = -3*k. Calculate b(y).
2
Let w(l) = 5*l - 3. Let s(i) = 2*i - 1. Let y(q) = 7*s(q) - 3*w(q). Suppose 3*j + 4 + 5 = 0, -3*j = -2*n + 1. What is y(n)?
6
Let r be (-19)/(-3) + 1/(-3). Suppose 2*n - 10 + r = 0. Suppose 3*v + n = 5. Let i(a) = 6*a - 1. What is i(v)?
5
Let l(b) be the second derivative of -b**3/6 - b**2/2 + 3*b + 5. Determine l(11).
-12
Let p(v) be the second derivative of v**5/20 + v**4/3 - v**3/2 - 2*v**2 + v. Let z = 129 - 120. Suppose 3*j = -k + 17 - z, -4*k + 2*j - 24 = 0. What is p(k)?
8
Let c(l) be the second derivative of -l**4/12 + 2*l**3 + 9*l**2/2 + 6*l. Let j(a) = -2*a**2 + 23*a + 18. Let q(n) = -11*c(n) + 6*j(n). What is q(7)?
2
Let n be (-78)/(-9) + 1/3. Let u(w) = -8*w**2 + w - 5*w + 45 + w**3 - 50 - 4*w. Calculate u(n).
4
Let p be 9/6*32/12. Suppose 12 = -p*h, 5*h = 2*i - 7*i - 45. Let n(g) be the second derivative of -g**4/12 - g**3 - 5*g**2/2 - 2*g. What is n(i)?
-5
Let b(x) = 2*x**2 - 3*x + 1. Suppose -623 = n - 626. Determine b(n).
10
Let d(o) = o**3 - o**2 + o. Let t(j) = 2*j**3 - j**2 + 2*j + 1. Let m(g) = -3*d(g) + 2*t(g). Let z = 925 - 927. What is m(z)?
-4
Suppose 2*v + 28 = -2*v. Let i(n) be the second derivative of -n**5/20 - 7*n**4/12 + n**3/6 + n**2/2 + 3*n - 5. What is i(v)?
-6
Let x = 41 - 33. Let y be 1*-2*4/x + 3. Let g(i) = 4*i - 4*i + 3 - 5*i. What is g(y)?
-7
Let d(u) be the second derivative of -u**3 - u**2/2 - 2*u + 53. Determine d(2).
-13
Let f(n) = -6*n - 4. Let v be f(0). Let s(c) = c**2 + 5*c - 3. Give s(v).
-7
Suppose -3*k + 5*a - 25 = 0, -15 = -2*k + k - 3*a. Let t(z) = -2*z - 6 - 3*z**2 + k*z - z**2 - z**3 - 2*z**2. What is t(-6)?
6
Let g(z) = 2 - 5 - 6*z + 3*z + 2*z - 2*z. Determine g(-4).
9
Let j(n) be the third derivative of -n**6/120 - n**5/12 + 13*n**4/24 + n**3/2 + n**2 - 120. Calculate j(-7).
10
Suppose 0 = 32*k + 217 - 57. Let s(r) = r**3 + 5*r**2 - 6*r + 1. Give s(k).
31
Let w = 552 - 556. Let m(v) = v + 5. Give m(w).
1
Let r = -206 - -204. Let g(q) be the first derivative of -q**2/2 - q - 14. Determine g(r).
1
Let z(f) = 5*f - 3. Let q(l) = -2*l - 2*l + 6*l - l. Let s(y) = -6*q(y) + z(y). Give s(-5).
2
Let b = -5 - -8. Let y(g) = -407*g**2 + 409*g**2 + 2 - 3*g - 3. Give y(b).
8
Let k(p) be the first derivative of p**4/4 - p**3/3 - p**2/2 - p - 1. Suppose 75*h + 18 = 2*u + 71*h, -h = 2*u - 3. Determine k(u).
14
Let q(t) = -4*t**2 + 3*t + 3. Let a = 544 - 546. Give q(a).
-19
Let s(c) = -c + 0*c + 22 + 23 - 61. Calculate s(-13).
-3
Let t(h) = -h**3 - 6*h**2 + 10*h + 6. Let r = -71 - -64. Calculate t(r).
-15
Let x(b) be the second derivative of -b**4/12 + b**3/6 + 2*b**2 - 43*b + 2. Calculate x(-5).
-26
Let i(o) = o**2 + 2*o + 1. Let g(c) = -2*c**2 + 8*c + 5. Let b(w) = g(w) - 4*i(w). Give b(2).
-23
Suppose 3*z + 6 = -6. Let v(d) = -50 - 72*d**2 + 97 + 5*d + 73*d**2 - 48. Give v(z).
-5
Let d(x) be the first derivative of -x**2/2 - 2*x + 3. Suppose 16*w = 29 + 19. Give d(w).
-5
Suppose 4*s + 240 - 244 = 0. Let b(v) = -6*v + 3. Calculate b(s).
-3
Let w(r) = -2*r**2 - 52 + 3*r**2 - 3*r + r + 40. Let f(a) = -a**2 + 2*a + 11. Let x(j) = -7*f(j) - 6*w(j). Determine x(4).
3
Let v be (-3 - -1)/(2 + -1). Suppose -5*s + s = -28. Let n(o) = 4*o - 1. Let w(f) = -12*f + 4. Let p(x) = s*n(x) + 2*w(x). What is p(v)?
-7
Let x(n) be the first derivative of -1/3*n**3 - 27 - 13*n - 5*n**2. Calculate x(-9).
-4
Suppose -j - 711 = -704. Let k(d) = d**3 + 8*d**2 + 3*d - 9. Give k(j).
19
Let h(f) = -19*f**2 + 9*f - 12. Let b(v) = -12*v**2 + 6*v - 8. Let g(k) = -8*b(k) + 5*h(k). Calculate g(5).
14
Let r(f) = -f**2 - 3*f - 3. Let b(n) be the second derivative of n**3/6 - 3*n**2/2 - 8*n. L